ppose 0*t + 2*t = f + 3, f + 3 = -2*t. Let y be 2 - 3/(-3)*1. Let c(i) = -2 + i - 3*i**3 + 2*i**y + i**2 + 0*i. Determine c(t).
-2
Let z(v) = -167*v**2 + 56*v**2 + 3 + 59*v**2 + 56*v**2 - 4*v - 2*v**3. Suppose 2 = 7*l - 6*l. Let h be z(l). Let x(g) = -g - 3. Determine x(h).
2
Suppose 0*z = -5*q + 4*z + 46, 4*q + 3*z = 12. Let h be q/(7/(14/4)). Let s(k) = 2*k. Give s(h).
6
Let x = -11 + 7. Let p(d) = -9*d**2 - 6*d - 1. Let b(s) = 5*s**2 + 3*s + 1. Let j(c) = 7*b(c) + 4*p(c). Give j(x).
-1
Let b(m) be the third derivative of -m**6/120 + 7*m**5/60 + m**4/3 + 3*m**3/2 + 20*m**2. What is b(8)?
9
Suppose 0 = 3*u - 2*u - 3. Let p(z) = -2 + z**2 - 7*z - z**u + 5*z**2 + 0*z**2 + 3*z. Let k = 14 + -9. Calculate p(k).
3
Let j(u) be the second derivative of -u**5/20 - u**4/3 - u**3/3 + u**2/2 + u. Let l be 0*((-3)/2 + 2). Let k = -2 + l. Calculate j(k).
-3
Let q = -9 + 13. Let o(m) be the first derivative of m**3/6 - 2*m**2 + 8*m + 6. Let z(c) be the first derivative of o(c). Determine z(q).
0
Let d(c) = -c - 3. Suppose 2*x + 2*x = -16. Let h(o) = o + 4. Let w be h(x). What is d(w)?
-3
Let f(h) = h**2 + 4*h + 6. Let d(x) = -x**2. Let g(b) = -2*d(b) - f(b). Give g(6).
6
Let l be (-18)/(-4)*4/3. Let d(k) = -2*k + 5*k - 5*k - l + 4*k. Determine d(5).
4
Let p(b) = -b**3 - 2*b**2 + 5*b + 3. Let n be p(-3). Let y be ((-4)/n)/((-4)/6). Let q(w) = -w**3 - 3*w**2 + 3*w + 2. Give q(y).
-8
Let w(v) = 5*v**3 - 4*v**3 - 10*v**2 - 2*v + 7*v**2. Let r(b) = b**2 + 3*b + 4. Let g be r(-3). Calculate w(g).
8
Let t(k) = -4*k**3 - 2*k**2 + 1. Let z be 1 - -2 - 10/5. What is t(z)?
-5
Let x(q) = q**3 + q**2 - q - 5. Let g(m) = -m**2 - 8*m - 7. Let s be g(-7). Calculate x(s).
-5
Suppose -6*o + o = 40. Let k = o + 13. Let t(u) = 3*u - 10. Let y(p) = -1. Let g(z) = -t(z) + 3*y(z). Determine g(k).
-8
Let a(j) = j**2 + 11*j + 13. Let y be a(-9). Let d(v) be the first derivative of -v**2/2 - 4*v + 2. What is d(y)?
1
Let z(l) = 2*l**2 - 3*l. Let p = -3 - -5. Determine z(p).
2
Let u(o) = -o - 1. Let s(t) = 4*t + 8. Let d(f) = s(f) + 2*u(f). What is d(5)?
16
Suppose -2 = -s + 1. Let d(c) = c**2 - 5*c + 4. Determine d(s).
-2
Let k(m) = 9*m**2 + 4*m - 1. Let p(g) = -8*g**2 - 4*g + 1. Let x(i) = 3*i**2 + 4*i + 3. Let d be x(-2). Let q(l) = d*p(l) + 6*k(l). Determine q(-3).
-5
Let k = 29 - 11. Let o be 4/6*k/(-4). Let q(l) = -l**3 - 3*l**2 + l + 4. Give q(o).
1
Let b be 6/(2 + (-21)/9). Let t = b + 14. Let n(m) = m**3 + 5*m**2 + 3*m - 3. Calculate n(t).
1
Let m(u) = 5*u**2 - 1. Let n(r) = 2*r - 21. Let k be n(10). Determine m(k).
4
Let p(f) be the second derivative of -2*f - f**2 + 0 + 1/12*f**4 + 1/2*f**3. Give p(-4).
2
Let s = 5 + -4. Let x = s - 2. Let t(z) = -5*z**2 + z + 1. Give t(x).
-5
Let r(d) be the third derivative of -d**9/8640 + d**8/20160 - d**7/5040 + d**5/20 - d**2. Let t(z) be the third derivative of r(z). Give t(1).
-7
Let l(h) = h + 2. Suppose 5*f + 10 = k, -6 = 3*k - 0*f + 3*f. Determine l(k).
2
Let x(o) = -6*o - 1. Let v(q) = 7*q + 1. Let b(l) = -4*v(l) - 3*x(l). Determine b(-1).
9
Let t be -5 + (4 - (1 - -2)). Let f(u) = u**3 + 2*u**2 - 5*u - 4. Determine f(t).
-16
Let u(w) = 8*w**2 - 7*w + 6. Let x(i) = -16*i**2 + 15*i - 13. Let t(k) = 13*u(k) + 6*x(k). Calculate t(-1).
9
Let s(n) = n**3 - 6*n**2 - n + 4. Let d be s(6). Let a(w) be the second derivative of -8*w + 1/2*w**3 + 1/20*w**5 + 3/2*w**2 + 0*w**4 + 0. Determine a(d).
-11
Let w(i) = 3*i**2 - 2*i - 1. Suppose 2*z + 6 = 18. Suppose z = -0*l - l. Let m(n) = n**2 + 5*n - 7. Let c be m(l). Calculate w(c).
4
Let i(n) = -n + 1. Let h(t) = 2*t - 7. Let x(p) = h(p) + 3*i(p). Let g(l) = 1. Let k(s) = -2*g(s) - x(s). Calculate k(-4).
-2
Suppose 0*l = -2*l + 4. Let h(x) = x**3 + 2*x - 2. Give h(l).
10
Let n be (0 + -1)/(5/(-20)). Let z = n - 2. Let h be (-1)/(-2) + z/4. Let d(b) = -b. Give d(h).
-1
Let j be (9/(-6))/((-6)/76). Suppose 5*r + j = -1. Let a(i) = -i**2 - 5*i - 2. Calculate a(r).
2
Suppose 0 = 46*h - 47*h + 4. Let d(v) be the third derivative of -v**4/6 + 5*v**3/6 - v**2. Calculate d(h).
-11
Let i(h) = h**2 - 4*h - 1. Let v(r) = -r**3 + 7*r**2 + 10*r - 12. Let g be v(8). Suppose 2*k + 2*o = 6, 6*k - 2*o = g*k + 10. Calculate i(k).
-1
Let s(h) be the third derivative of -h**2 + 1/120*h**6 + 0*h + 1/8*h**4 - 1/2*h**3 - 1/15*h**5 + 0. What is s(4)?
9
Let v(l) = -2*l - 2. Suppose 28 = b - 8*b. Give v(b).
6
Let c(j) = -j**3 - 11*j**2 - 5*j - 11. Let u(q) = -q**3 - 8*q**2 + 1. Let n be u(-8). Let f(p) = p**2 + 1. Let m(v) = n*c(v) + 5*f(v). Give m(-5).
-6
Let y = -133 - -128. Let h(p) = p**2 + 3*p - 7. What is h(y)?
3
Let o be 1*1/(-2 - -1). Let a(h) = 2*h**2 - 4*h + 2. Let r be a(2). Let p(c) = r*c + 1 + 8*c**2 - 3*c**2 + 5*c**2. Give p(o).
9
Let i(z) = -z + 1. Suppose 3*w + 2*b - 2 = 0, 0 = 3*w + 2*w + b - 15. Let n(c) = 1 + 3 - c + w - 6. Let h(a) = 5*i(a) - 6*n(a). Calculate h(0).
-7
Suppose -3*v - 4*v = 28. Let n(a) = -a**2 - 2*a - 4. Give n(v).
-12
Let h = -13 + 12. Let c(d) = d. Determine c(h).
-1
Let d(n) = -n**2 - n. Suppose -2*r = 1 + 5. Let x be d(r). Let h(w) = w**2 + 8*w + 3. Give h(x).
-9
Let z(b) be the third derivative of b**5/20 - b**4/12 + b**3/6 + 82*b**2. Let y = 3 - 1. Give z(y).
9
Suppose -6*y + 15 = -y. Let d(q) = q**2 - 1 + 2*q + 0*q**3 + q**3 - y*q. Give d(-2).
-3
Let c(m) = -3*m + 6. Let v(o) = -2*o + 5. Let p(y) = 5*c(y) - 6*v(y). Give p(1).
-3
Let q(y) = y + 1. Let k(l) = -4*l - 12. Let m(b) = -k(b) - 5*q(b). Calculate m(0).
7
Let r(l) = -3*l - 1. Suppose -3*h = i - 18, -3*i + 43 - 14 = 4*h. Suppose 3*c = -6 + i. What is r(c)?
2
Let o(c) be the first derivative of c**3/3 + c**2/2 - c - 1. Let u(l) = -l**3 + 6*l**2 + 6*l - 2. Let k(w) = -3*o(w) + u(w). Give k(-2).
15
Let m(o) = o**3 + 7*o**2 + 8*o + 2. Let g(v) = -1 - 4*v + 2 + 1. Let s be g(2). Determine m(s).
-10
Let n(k) = 2*k**3 + 3*k**2 + 6*k - 3. Let b(c) = -c**3 - c**2 - 3*c + 2. Let f(y) = -5*b(y) - 2*n(y). Give f(3).
23
Let k(o) = -o**3 - 9*o**2 + 9*o - 12. Let r be k(-10). Let g(h) = -6*h - 3. Give g(r).
9
Let u be 14/6 + (-1)/3. Suppose 0 = u*j - 6*j. Suppose j*k + z = k - 1, 2 = 2*k + 5*z. Let p(f) = 4*f + 1. What is p(k)?
5
Let h(z) = 2*z**2 - 2*z + 2. Let n(w) = w**2 + w. Let f be n(-1). Suppose f*v - 2 = -v. Determine h(v).
6
Let k be (-5)/2*(-1 - 1). Suppose -5*s = w - 29, 0*w - w = -k*s + 21. Let r(f) = w*f - 4*f + 2*f - 2. Calculate r(-2).
-6
Let l(h) be the third derivative of -h**6/120 + h**5/12 - 7*h**4/24 + h**3 - 184*h**2. Suppose 0*j + j + 12 = 4*t, 5*j + 3*t - 32 = 0. Give l(j).
-6
Let f(p) be the second derivative of -p**3/3 - p**2/2 + 12*p. Determine f(-2).
3
Let n(y) be the second derivative of -1/30*y**5 + 0 + y - y**2 - 2/3*y**3 + 7/24*y**4. Let z(c) be the first derivative of n(c). Calculate z(4).
-8
Suppose -z + 2*z = 2. Let y(a) = -5*a**2 + 3. Let t(m) = -11*m**2 + m + 6. Let u(d) = 3*t(d) - 7*y(d). What is u(z)?
11
Let p(w) = 0*w + 2*w + 2 + 2*w. Let c(r) = -r - 6. Let g be c(-8). Let f = 0 - g. Calculate p(f).
-6
Let b(g) be the first derivative of -4*g**2 - g + 5. What is b(-1)?
7
Let i(z) = -5*z**2 - 9*z - 9. Let a(g) = 4*g**2 + 8*g + 8. Let d(p) = -6*a(p) - 5*i(p). Calculate d(-2).
7
Let a(v) = v**2 + 4*v + 3. Suppose 2*g - 3*c = -g + 3, -2*g + 5 = -3*c. Let y be (-3 - g)*10/1. Let b be (0 - -1)*y/5. Give a(b).
-1
Let i(o) = 4*o - 21. Let p be i(5). Let t(c) = 8*c**2. Give t(p).
8
Let u(r) be the second derivative of r**5/20 + r**4/2 + 5*r**3/6 + 3*r**2/2 - r. Let q(p) = p**3 - 6*p**2 + 9*p - 5. Let n be q(3). What is u(n)?
3
Let p(d) = -2*d + 2*d + d. Determine p(-1).
-1
Let y = -9 + 5. Let f(m) = m**3 + 3*m**2 - 3*m + 5. What is f(y)?
1
Let n(q) = q**2 + 3*q - 3. Suppose 20 = -0*z - 5*z. Let t be z/(-2) + 15/(-3). What is n(t)?
-3
Let y(n) = -3*n**2 + 5*n**2 + 2 + 2*n - 3 - 4*n**2. Suppose 15 = 4*u + u. Calculate y(u).
-13
Suppose -a - 2 = x, -2*x + 2*a = -0 + 8. Let i(n) = 3*n**3 - 7*n**2 - 6*n - 5. Let v(p) = -2*p**3 + 6*p**2 + 5*p + 4. Let h(y) = -3*i(y) - 4*v(y). Give h(x).
5
Let v(y) = y**3 - 3*y**2 + y + 3. Let l(z) = -z**3 - 4*z**2 - 3*z + 2. Let r be l(-3). Let s be v(r). Let u(d) = d. Give u(s).
1
Suppose -4*m + m = -18. Let d(q) = -q**2 + 3*q - 6. Determine d(m).
-24
Let o(t) = -t**2 + 5*t - 12*t - 4 + 5*t. Determine o(-3).
-7
Suppose 2*r + 5*s = 24, -2*r - 3*s + 18 = -s. Let t be (r + 